2 is divided by 293.
23
What is the remainder when 652 is divided by 51?
40
Calculate the remainder when 349 is divided by 16.
13
What is the remainder when 9950 is divided by 8?
6
Calculate the remainder when 113 is divided by 4.
1
Calculate the remainder when 2323 is divided by 578.
11
Calculate the remainder when 60 is divided by 13.
8
What is the remainder when 251 is divided by 63?
62
What is the remainder when 107 is divided by 23?
15
What is the remainder when 158 is divided by 30?
8
What is the remainder when 167 is divided by 39?
11
What is the remainder when 56 is divided by 29?
27
Calculate the remainder when 4253 is divided by 76.
73
What is the remainder when 703 is divided by 136?
23
What is the remainder when 5438 is divided by 80?
78
What is the remainder when 636 is divided by 11?
9
What is the remainder when 79 is divided by 22?
13
Calculate the remainder when 193 is divided by 50.
43
What is the remainder when 483 is divided by 18?
15
What is the remainder when 211 is divided by 53?
52
What is the remainder when 50 is divided by 20?
10
What is the remainder when 410 is divided by 69?
65
What is the remainder when 127 is divided by 33?
28
What is the remainder when 256 is divided by 23?
3
Calculate the remainder when 174 is divided by 50.
24
Calculate the remainder when 54 is divided by 5.
4
What is the remainder when 207 is divided by 30?
27
Calculate the remainder when 651 is divided by 327.
324
Calculate the remainder when 960 is divided by 26.
24
What is the remainder when 93 is divided by 26?
15
What is the remainder when 126 is divided by 26?
22
What is the remainder when 989 is divided by 20?
9
Calculate the remainder when 1062 is divided by 348.
18
Calculate the remainder when 142 is divided by 9.
7
Calculate the remainder when 195 is divided by 44.
19
What is the remainder when 1416 is divided by 33?
30
Calculate the remainder when 383 is divided by 16.
15
What is the remainder when 17329 is divided by 53?
51
What is the remainder when 156 is divided by 75?
6
Calculate the remainder when 284 is divided by 147.
137
Calculate the remainder when 96 is divided by 12.
0
What is the remainder when 611 is divided by 99?
17
What is the remainder when 319 is divided by 124?
71
Calculate the remainder when 558 is divided by 144.
126
What is the remainder when 15804 is divided by 52?
48
What is the remainder when 2822 is divided by 177?
167
What is the remainder when 628 is divided by 37?
36
Calculate the remainder when 236 is divided by 6.
2
Calculate the remainder when 50 is divided by 14.
8
Calculate the remainder when 17751 is divided by 22.
19
Calculate the remainder when 139 is divided by 40.
19
Calculate the remainder when 2635 is divided by 120.
115
Calculate the remainder when 2846 is divided by 25.
21
What is the remainder when 1699 is divided by 68?
67
What is the remainder when 39622 is divided by 52?
50
What is the remainder when 274 is divided by 55?
54
What is the remainder when 21 is divided by 14?
7
Calculate the remainder when 828 is divided by 83.
81
Calculate the remainder when 1694 is divided by 23.
15
What is the remainder when 174 is divided by 45?
39
Calculate the remainder when 248 is divided by 60.
8
What is the remainder when 468 is divided by 167?
134
What is the remainder when 459 is divided by 134?
57
What is the remainder when 376 is divided by 13?
12
Calculate the remainder when 2448 is divided by 33.
6
Calculate the remainder when 743 is divided by 231.
50
What is the remainder when 340 is divided by 7?
4
What is the remainder when 49 is divided by 1?
0
Calculate the remainder when 46643 is divided by 338.
337
Calculate the remainder when 323 is divided by 26.
11
Calculate the remainder when 318 is divided by 5.
3
Calculate the remainder when 373 is divided by 41.
4
Calculate the remainder when 4153 is divided by 67.
66
Calculate the remainder when 10776 is divided by 3589.
9
What is the remainder when 314 is divided by 72?
26
Calculate the remainder when 109 is divided by 7.
4
Calculate the remainder when 181 is divided by 163.
18
What is the remainder when 4072 is divided by 99?
13
What is the remainder when 67 is divided by 25?
17
What is the remainder when 305 is divided by 62?
57
Calculate the remainder when 299 is divided by 63.
47
Calculate the remainder when 74 is divided by 20.
14
What is the remainder when 9 is divided by 4?
1
What is the remainder when 3182 is divided by 1591?
0
Calculate the remainder when 316 is divided by 57.
31
Calculate the remainder when 82 is divided by 72.
10
Calculate the remainder when 1267 is divided by 27.
25
Calculate the remainder when 921 is divided by 6.
3
Calculate the remainder when 2611 is divided by 154.
147
What is the remainder when 1580 is divided by 12?
8
Calculate the remainder when 3079 is divided by 79.
77
Calculate the remainder when 1748 is divided by 50.
48
What is the remainder when 1823 is divided by 114?
113
What is the remainder when 32984 is divided by 10994?
2
What is the remainder when 58 is divided by 9?
4
What is the remainder when 275 is divided by 9?
5
Calculate the remainder when 91 is divided by 19.
15
Calculate the remainder when 277 is divided by 98.
81
What is the remainder when 52 is divided by 13?
0
What is the remainder when 2358 is divided by 40?
38
What is the remainder when 797 is divided by 206?
179
What is the remainder when 757 is divided by 95?
92
Calculate the remainder when 81 is divided by 34.
13
What is the remainder when 69 is divided by 26?
17
What is the remainder when 557 is divided by 169?
50
What is the remainder when 363 is divided by 88?
11
What is the remainder when 79 is divided by 21?
16
Calculate the remainder when 78 is divided by 16.
14
What is the remainder when 667 is divided by 6?
1
Calculate the remainder when 1144 is divided by 6.
4
What is the remainder when 363 is divided by 3?
0
What is the remainder when 104 is divided by 35?
34
Calculate the remainder when 449 is divided by 19.
12
Calculate the remainder when 2228 is divided by 473.
336
Calculate the remainder when 1107 is divided by 140.
127
What is the remainder when 1025 is divided by 60?
5
What is the remainder when 1116 is divided by 144?
108
Calculate the remainder when 230 is divided by 184.
46
Calculate the remainder when 217 is divided by 22.
19
What is the remainder when 690 is divided by 61?
19
Calculate the remainder when 364 is divided by 92.
88
What is the remainder when 701 is divided by 19?
17
What is the remainder when 74 is divided by 16?
10
Calculate the remainder when 1078 is divided by 15.
13
Calculate the remainder when 273 is divided by 35.
28
Calculate the remainder when 2746 is divided by 10.
6
Calculate the remainder when 231 is divided by 60.
51
Calculate the remainder when 624 is divided by 13.
0
What is the remainder when 1891 is divided by 88?
43
What is the remainder when 232 is divided by 64?
40
What is the remainder when 40763 is divided by 11?
8
What is the remainder when 519 is divided by 3?
0
What is the remainder when 569 is divided by 57?
56
What is the remainder when 404 is divided by 66?
8
Calculate the remainder when 879 is divided by 17.
12
Calculate the remainder when 1782 is divided by 295.
12
What is the remainder when 95 is divided by 7?
4
What is the remainder when 235 is divided by 101?
33
What is the remainder when 406 is divided by 70?
56
What is the remainder when 139 is divided by 68?
3
Calculate the remainder when 652 is divided by 218.
216
What is the remainder when 505 is divided by 85?
80
Calculate the remainder when 1954 is divided by 85.
84
Calculate the remainder when 133 is divided by 61.
11
What is the remainder when 27 is divided by 16?
11
Calculate the remainder when 300 is divided by 61.
56
What is the remainder when 732 is divided by 240?
12
Calculate the remainder when 653 is divided by 41.
38
Calculate the remainder when 781 is divided by 58.
27
What is the remainder when 107 is divided by 18?
17
What is the remainder when 13716 is divided by 286?
274
Calculate the remainder when 141 is divided by 13.
11
What is the remainder when 120 is divided by 21?
15
Calculate the remainder when 850 is divided by 41.
30
What is the remainder when 80 is divided by 21?
17
What i